d 34?
17
What is the highest common factor of 8453 and 321?
107
What is the greatest common factor of 1010 and 10?
10
Calculate the highest common factor of 918 and 54.
54
Calculate the highest common factor of 11 and 62997.
11
Calculate the highest common factor of 3 and 41.
1
Calculate the greatest common divisor of 663 and 51.
51
Calculate the highest common divisor of 682 and 44.
22
What is the highest common factor of 7496 and 8?
8
Calculate the greatest common divisor of 63 and 49.
7
What is the highest common factor of 6090 and 15?
15
Calculate the greatest common divisor of 28 and 6692.
28
What is the highest common divisor of 255 and 15?
15
What is the highest common factor of 345 and 460?
115
Calculate the highest common divisor of 405 and 540.
135
What is the greatest common factor of 81 and 72?
9
What is the greatest common divisor of 356 and 8?
4
What is the greatest common factor of 5 and 1?
1
Calculate the greatest common divisor of 15 and 1335.
15
What is the greatest common divisor of 128 and 72?
8
Calculate the highest common factor of 133 and 7049.
133
What is the greatest common factor of 2108 and 748?
68
What is the highest common factor of 688 and 368?
16
What is the highest common divisor of 29 and 1?
1
What is the greatest common factor of 2740 and 1918?
274
What is the highest common factor of 4 and 996?
4
What is the highest common divisor of 1036 and 84?
28
What is the highest common factor of 34 and 255?
17
What is the greatest common factor of 57 and 6213?
57
Calculate the highest common factor of 24 and 12.
12
What is the highest common divisor of 1315 and 10?
5
What is the greatest common divisor of 3819 and 1206?
201
What is the highest common factor of 90 and 10890?
90
What is the highest common divisor of 312 and 9256?
104
What is the highest common divisor of 306 and 36?
18
What is the greatest common factor of 2 and 88?
2
Calculate the greatest common divisor of 826 and 14.
14
What is the highest common divisor of 36 and 27?
9
What is the highest common divisor of 5 and 19835?
5
Calculate the highest common divisor of 17948 and 28.
28
What is the highest common divisor of 522 and 306?
18
Calculate the greatest common divisor of 36 and 540.
36
What is the highest common factor of 1358 and 14?
14
What is the highest common divisor of 1440 and 5?
5
What is the highest common divisor of 78 and 1833?
39
What is the highest common factor of 28 and 32564?
28
What is the greatest common divisor of 504 and 72?
72
Calculate the highest common factor of 130 and 195.
65
Calculate the highest common divisor of 87 and 319.
29
Calculate the highest common divisor of 20 and 220.
20
What is the highest common divisor of 46 and 598?
46
Calculate the greatest common divisor of 7 and 224.
7
Calculate the greatest common factor of 1360 and 70.
10
Calculate the greatest common factor of 35 and 175.
35
What is the highest common factor of 18 and 288?
18
Calculate the highest common factor of 77 and 23947.
77
What is the greatest common divisor of 296 and 185?
37
What is the greatest common factor of 118 and 2950?
118
Calculate the highest common divisor of 64 and 464.
16
What is the highest common divisor of 134 and 12931?
67
What is the highest common divisor of 125 and 200?
25
Calculate the greatest common divisor of 45661 and 77.
77
What is the greatest common factor of 124 and 31?
31
Calculate the greatest common factor of 828 and 184.
92
What is the highest common divisor of 20 and 4?
4
What is the greatest common factor of 16 and 4696?
8
Calculate the highest common divisor of 105 and 245.
35
What is the greatest common divisor of 1080 and 576?
72
What is the highest common divisor of 595 and 280?
35
Calculate the greatest common factor of 1922 and 186.
62
What is the greatest common divisor of 4605 and 15?
15
What is the greatest common divisor of 68940 and 180?
180
Calculate the highest common divisor of 66 and 6.
6
Calculate the highest common factor of 14 and 16.
2
What is the greatest common divisor of 231 and 165?
33
What is the greatest common factor of 5781 and 41?
41
What is the highest common factor of 1032 and 16?
8
Calculate the greatest common divisor of 97 and 3589.
97
What is the greatest common factor of 154 and 1246?
14
What is the highest common factor of 30 and 45?
15
Calculate the greatest common divisor of 3234 and 66.
66
Calculate the greatest common divisor of 9 and 2547.
9
What is the greatest common divisor of 70 and 35?
35
What is the greatest common divisor of 165 and 33?
33
What is the greatest common divisor of 80 and 368?
16
Calculate the greatest common divisor of 24 and 552.
24
What is the highest common divisor of 2 and 18?
2
What is the greatest common divisor of 32 and 1?
1
Calculate the highest common divisor of 2 and 214.
2
What is the greatest common factor of 1190 and 35?
35
What is the highest common divisor of 414 and 483?
69
Calculate the greatest common divisor of 115 and 1120.
5
Calculate the highest common factor of 12 and 142644.
12
What is the highest common divisor of 481 and 407?
37
What is the highest common factor of 105 and 231?
21
What is the greatest common divisor of 7168 and 64?
64
Calculate the highest common factor of 1054 and 782.
34
What is the greatest common factor of 107 and 2889?
107
Calculate the greatest common divisor of 321 and 58743.
321
What is the highest common divisor of 378 and 54?
54
Calculate the greatest common factor of 70 and 224.
14
Calculate the greatest common divisor of 42 and 18.
6
Calculate the greatest common factor of 39 and 9.
3
Calculate the greatest common factor of 3157 and 77.
77
Calculate the greatest common divisor of 6531 and 21.
21
Calculate the highest common divisor of 704 and 66.
22
What is the highest common factor of 5256 and 126?
18
Calculate the highest common factor of 1541 and 67.
67
What is the highest common divisor of 44 and 308?
44
Calculate the greatest common divisor of 143 and 33.
11
What is the greatest common divisor of 1469 and 13?
13
What is the greatest common factor of 24 and 132?
12
What is the highest common divisor of 104 and 26?
26
What is the greatest common factor of 12 and 486?
6
Calculate the greatest common factor of 68 and 306.
34
What is the greatest common factor of 252 and 819?
63
What is the greatest common divisor of 1617 and 22?
11
What is the highest common factor of 95 and 2166?
19
What is the greatest common divisor of 2718 and 36?
18
What is the greatest common factor of 20 and 230?
10
Calculate the greatest common divisor of 5 and 2935.
5
Calculate the highest common factor of 669 and 9143.
223
Calculate the highest common factor of 8 and 8.
8
What is the highest common divisor of 13 and 6617?
13
What is the greatest common factor of 14 and 14?
14
Calculate the greatest common factor of 2882 and 220.
22
What is the greatest common divisor of 3250 and 20?
10
What is the greatest common divisor of 1352 and 8?
8
Calculate the greatest common factor of 57 and 4389.
57
Calculate the highest common factor of 5 and 43530.
5
Calculate the greatest common factor of 5768 and 56.
56
Calculate the greatest common factor of 95 and 10.
5
What is the greatest common divisor of 3015 and 18?
9
Calculate the highest common divisor of 224 and 553.
7
Calculate the highest common divisor of 248 and 434.
62
What is the greatest common divisor of 128 and 480?
32
What is the highest common divisor of 62 and 31?
31
What is the greatest common divisor of 2 and 158?
2
What is the highest common factor of 64 and 4?
4
Calculate the highest common factor of 21 and 33.
3
What is the highest common factor of 11081 and 7?
7
Calculate the highest common factor of 14 and 98.
14
What is the greatest common factor of 408 and 119?
17
Calculate the greatest common divisor of 14 and 1316.
14
Calculate the greatest common factor of 196 and 35.
7
Calculate the greatest common divisor of 32 and 400.
16
Calculate the greatest common factor of 42 and 3360.
42
Calculate the highest common divisor of 3048 and 96.
24
What is the highest common factor of 195 and 55?
5
What is the greatest common factor of 28 and 770?
14
Calculate the greatest common factor of 1694 and 154.
154
What is the greatest common factor of 90 and 18?
18
Cal